{"id":126,"date":"2025-08-25T16:00:44","date_gmt":"2025-08-25T14:00:44","guid":{"rendered":"https:\/\/archidemain.fr\/?page_id=126"},"modified":"2026-01-28T16:27:42","modified_gmt":"2026-01-28T15:27:42","slug":"presentation","status":"publish","type":"page","link":"https:\/\/archidemain.fr\/index.php\/presentation\/","title":{"rendered":"Agence"},"content":{"rendered":"\n<div class=\"wp-block-columns has-ast-global-color-5-background-color has-background is-layout-flex wp-container-core-columns-is-layout-7d874bf9 wp-block-columns-is-layout-flex\" style=\"margin-top:0;margin-bottom:0;padding-top:0;padding-bottom:0\">\n<div class=\"wp-block-column is-layout-flow wp-block-column-is-layout-flow\">\n<figure class=\"wp-block-image size-full has-custom-border is-style-rounded\" style=\"margin-top:-35px;margin-bottom:-35px\"><img fetchpriority=\"high\" decoding=\"async\" width=\"800\" height=\"800\" src=\"https:\/\/archidemain.fr\/wp-content\/uploads\/2025\/09\/sophie2.jpg\" alt=\"\" class=\"has-border-color has-ast-global-color-8-border-color wp-image-214\" style=\"border-width:10px;border-radius:100px\" srcset=\"https:\/\/archidemain.fr\/wp-content\/uploads\/2025\/09\/sophie2.jpg 800w, https:\/\/archidemain.fr\/wp-content\/uploads\/2025\/09\/sophie2-300x300.jpg 300w, https:\/\/archidemain.fr\/wp-content\/uploads\/2025\/09\/sophie2-150x150.jpg 150w, https:\/\/archidemain.fr\/wp-content\/uploads\/2025\/09\/sophie2-768x768.jpg 768w\" sizes=\"(max-width: 800px) 100vw, 800px\" \/><\/figure>\n<\/div>\n\n\n\n<div class=\"wp-block-column is-vertically-aligned-center has-ast-global-color-0-color has-text-color has-link-color wp-elements-6cddce333cb2dd34bfd62ff4d93f7704 is-layout-flow wp-block-column-is-layout-flow\" style=\"padding-top:20px;padding-bottom:20px\">\n<h3 class=\"wp-block-heading has-ast-global-color-0-color has-text-color has-link-color wp-elements-c5c779e2f182d2f50230d7a251872f5c\" style=\"line-height:1\">Sophie Magdelaine<\/h3>\n\n\n\n<h3 class=\"wp-block-heading has-ast-global-color-1-color has-text-color has-link-color wp-elements-4c7fdb0fe89db7665ae6c3ec6bc2b121\" style=\"margin-top:var(--wp--preset--spacing--20);margin-bottom:var(--wp--preset--spacing--20);padding-top:0;padding-right:0;padding-bottom:0;padding-left:0;font-style:normal;font-weight:100\"><strong><mark style=\"background-color:var(--ast-global-color-1)\" class=\"has-inline-color has-ast-global-color-0-color\">Architecte DPLG<\/mark><\/strong><\/h3>\n\n\n\n<h2 class=\"wp-block-heading\" style=\"line-height:0.9\"><mark style=\"background-color:rgba(0, 0, 0, 0)\" class=\"has-inline-color has-ast-global-color-0-color\">Construire<\/mark> c&rsquo;est raconter une histoire.<br>La mienne a commenc\u00e9 bien avant les plans et les chantiers&#8230;<\/h2>\n<\/div>\n<\/div>\n\n\n\n<div class=\"wp-block-columns is-layout-flex wp-container-core-columns-is-layout-28f84493 wp-block-columns-is-layout-flex\">\n<div class=\"wp-block-column is-layout-flow wp-block-column-is-layout-flow\">\n<p>Enfant d\u00e9j\u00e0, j\u2019aimais imaginer des d\u00e9cors, transformer l\u2019espace, repenser sans cesse l\u2019am\u00e9nagement de ma chambre. Le dessin occupait une place essentielle, nourri par des cours aupr\u00e8s d\u2019une artiste peintre et par une <strong><mark style=\"background-color:rgba(0, 0, 0, 0)\" class=\"has-inline-color has-ast-global-color-1-color\">curiosit\u00e9 constante pour les volumes, la lumi\u00e8re et les mati\u00e8res<\/mark><\/strong>. Cette app\u00e9tence pour la cr\u00e9ation m\u2019a naturellement conduite vers des \u00e9tudes d\u2019architecture int\u00e9rieure, que j\u2019ai d\u00e9but\u00e9es par un BTS d\u2019architecture int\u00e9rieure, avant de poursuivre \u00e0 l\u2019ENSAP de Bordeaux, o\u00f9 j\u2019ai obtenu en 2007 mon dipl\u00f4me d\u2019architecte DPLG.<\/p>\n<\/div>\n\n\n\n<div class=\"wp-block-column is-layout-flow wp-block-column-is-layout-flow\">\n<h2 class=\"wp-block-heading\" style=\"margin-top:var(--wp--preset--spacing--30);margin-bottom:0\">Grand projets<\/h2>\n\n\n\n<p style=\"margin-top:var(--wp--preset--spacing--40)\">Pendant plus de quinze ans en agence, j\u2019ai fa\u00e7onn\u00e9 mon savoir-faire sur de grands projets \u2014 <mark style=\"background-color:rgba(0, 0, 0, 0)\" class=\"has-inline-color has-ast-global-color-1-color\">logements collectifs, maisons individuelles group\u00e9es, cr\u00e8ches, r\u00e9sidences \u00e9tudiantes<\/mark> \u2014 pour des ma\u00eetres d\u2019ouvrage tels qu\u2019<strong>Eiffage Immobilier, Gironde Habitat, Aquitanis ou Vinci Immobilier.<\/strong> <br><br>Cette exp\u00e9rience m\u2019a permis de ma\u00eetriser toutes les \u00e9tapes d\u2019un projet, de l\u2019esquisse \u00e0 la livraison, en conciliant conception architecturale, contraintes r\u00e9glementaires, suivi administratif et pilotage de chantier. J\u2019y ai d\u00e9velopp\u00e9 une <mark style=\"background-color:rgba(0, 0, 0, 0)\" class=\"has-inline-color has-ast-global-color-1-color\"><strong>organisation rigoureuse<\/strong><\/mark> et un <strong><mark style=\"background-color:rgba(0, 0, 0, 0)\" class=\"has-inline-color has-ast-global-color-1-color\">sens aigu de la coordination<\/mark><\/strong>, indispensables pour mener \u00e0 bien des op\u00e9rations complexes et respecter \u00e0 la fois les d\u00e9lais et les budgets.<\/p>\n<\/div>\n<\/div>\n\n\n\n<div class=\"wp-block-columns alignfull has-white-background-color has-background is-layout-flex wp-container-core-columns-is-layout-fea69c95 wp-block-columns-is-layout-flex\" style=\"margin-top:0;margin-bottom:var(--wp--preset--spacing--60);padding-top:0;padding-right:var(--wp--preset--spacing--30);padding-bottom:0;padding-left:var(--wp--preset--spacing--80)\">\n<div class=\"wp-block-column is-vertically-aligned-top is-layout-flow wp-block-column-is-layout-flow\" style=\"flex-basis:44.45%\">\n<h2 class=\"wp-block-heading has-text-align-right\" style=\"margin-top:var(--wp--preset--spacing--30);margin-right:var(--wp--preset--spacing--20);margin-bottom:0;margin-left:var(--wp--preset--spacing--20);padding-top:var(--wp--preset--spacing--30);padding-right:var(--wp--preset--spacing--60);padding-bottom:0;padding-left:0;line-height:1.1\">Extension, r\u00e9novation et constructions neuves<\/h2>\n\n\n\n<p class=\"has-text-align-right has-ast-global-color-0-color has-text-color has-link-color wp-elements-16adb3f11e74c66b36f1b51e0c61507c\" style=\"margin-top:var(--wp--preset--spacing--30);padding-top:0;padding-right:var(--wp--preset--spacing--60);padding-bottom:0;padding-left:var(--wp--preset--spacing--30);font-size:15px\">En juin 2023, j\u2019ai choisi de voler de mes propres ailes et de cr\u00e9er ma soci\u00e9t\u00e9. Aujourd\u2019hui, forte de mon expertise acquise dans le logement, je m\u2019adresse <strong>surtout aux particuliers<\/strong>, avec une <strong>approche plus intime et humaine<\/strong>.<mark style=\"background-color:rgba(0, 0, 0, 0)\" class=\"has-inline-color has-ast-global-color-2-color\"> <strong>Extensions, sur\u00e9l\u00e9vations, r\u00e9novations, constructions neuves\u2026 chaque projet devient une aventure partag\u00e9e<\/strong><\/mark>, o\u00f9 je mets mon sens du d\u00e9tail et mon go\u00fbt du sur-mesure au service de vos envies. Je me suis \u00e9galement form\u00e9e \u00e0 la <strong>r\u00e9novation \u00e9nerg\u00e9tique<\/strong> pour mieux accompagner mes clients.<\/p>\n\n\n\n<figure class=\"wp-block-image alignright size-large is-resized has-custom-border\"><img decoding=\"async\" width=\"1024\" height=\"1024\" src=\"http:\/\/archidemain.fr\/wp-content\/uploads\/2025\/08\/favicon_AD_Plan-de-travail-1-1024x1024.jpg\" alt=\"\" class=\"wp-image-29\" style=\"border-radius:3px;width:253px;height:auto\" srcset=\"https:\/\/archidemain.fr\/wp-content\/uploads\/2025\/08\/favicon_AD_Plan-de-travail-1-1024x1024.jpg 1024w, https:\/\/archidemain.fr\/wp-content\/uploads\/2025\/08\/favicon_AD_Plan-de-travail-1-300x300.jpg 300w, https:\/\/archidemain.fr\/wp-content\/uploads\/2025\/08\/favicon_AD_Plan-de-travail-1-150x150.jpg 150w, https:\/\/archidemain.fr\/wp-content\/uploads\/2025\/08\/favicon_AD_Plan-de-travail-1-768x768.jpg 768w, https:\/\/archidemain.fr\/wp-content\/uploads\/2025\/08\/favicon_AD_Plan-de-travail-1.jpg 1067w\" sizes=\"(max-width: 1024px) 100vw, 1024px\" \/><\/figure>\n<\/div>\n\n\n\n<div class=\"wp-block-column is-vertically-aligned-center is-layout-flow wp-block-column-is-layout-flow\" style=\"flex-basis:33.33%\">\n<p class=\"has-ast-global-color-2-color has-text-color has-link-color wp-elements-7295f36c8b7aaac18bce0c89026fc4ca\" style=\"padding-right:var(--wp--preset--spacing--40);padding-left:var(--wp--preset--spacing--40);font-size:30px;letter-spacing:-0.05em;line-height:1\">Et parce qu\u2019un chantier n\u2019est pas qu\u2019une affaire de construction et de d\u00e9lais, j\u2019y mets aussi de <strong>la bonne humeur :<\/strong> <br><mark style=\"background-color:rgba(0, 0, 0, 0)\" class=\"has-inline-color has-ast-global-color-0-color\">Avancer avec s\u00e9rieux n\u2019emp\u00eache pas de garder le sourire.<\/mark><\/p>\n<\/div>\n\n\n\n<div class=\"wp-block-column is-vertically-aligned-top has-ast-global-color-1-background-color has-background is-layout-flow wp-container-core-column-is-layout-33abc8c2 wp-block-column-is-layout-flow\" style=\"padding-top:var(--wp--preset--spacing--30);padding-right:var(--wp--preset--spacing--50);padding-bottom:var(--wp--preset--spacing--30);padding-left:var(--wp--preset--spacing--50);flex-basis:22.22%\">\n<h5 class=\"wp-block-heading flip-left\" style=\"margin-top:var(--wp--preset--spacing--20);margin-bottom:var(--wp--preset--spacing--20)\">Mon terrain de jeu ?<\/h5>\n\n\n\n<h6 class=\"wp-block-heading has-ast-global-color-0-color has-text-color has-link-color wp-elements-80c93de303bd618dd42a0713817d693f\" style=\"margin-top:var(--wp--preset--spacing--20);margin-bottom:0\">Bordeaux M\u00e9tropole et la Gironde.<\/h6>\n\n\n\n<p class=\"has-ast-global-color-0-color has-text-color has-link-color has-small-font-size wp-elements-78185ce0fd36e1ebc50eba97d4d3a4ac\" style=\"margin-top:0;padding-top:0;padding-bottom:0\">avec la possibilit\u00e9 d\u2019intervenir ponctuellement dans les d\u00e9partements voisins selon les projets.<\/p>\n\n\n\n<hr class=\"wp-block-separator has-text-color has-ast-global-color-5-color has-alpha-channel-opacity has-ast-global-color-5-background-color has-background\"\/>\n\n\n\n<h6 class=\"wp-block-heading flip-left\">Mon style ?<\/h6>\n\n\n\n<h3 class=\"wp-block-heading has-ast-global-color-0-color has-text-color has-link-color wp-elements-bf935b3efff34a30ea300d7b4558b9f3\" style=\"margin-top:var(--wp--preset--spacing--20);margin-bottom:var(--wp--preset--spacing--20);line-height:1.2\">Allier rigueur technique et cr\u00e9ativit\u00e9, pour des projets qui conjuguent fonctionnalit\u00e9 et esth\u00e9tique.<\/h3>\n\n\n\n<hr class=\"wp-block-separator has-text-color has-ast-global-color-5-color has-alpha-channel-opacity has-ast-global-color-5-background-color has-background\"\/>\n\n\n\n<h6 class=\"wp-block-heading flip-left\">Mon carburant ?<\/h6>\n\n\n\n<h5 class=\"wp-block-heading has-ast-global-color-0-color has-text-color has-link-color wp-elements-76d2eb55fe011e16bccb7655da0c1206\" style=\"margin-top:var(--wp--preset--spacing--20);margin-right:0;margin-bottom:var(--wp--preset--spacing--20);margin-left:0\">L\u2019envie constante de cr\u00e9er des lieux o\u00f9 il fait bon vivre, travailler ou apprendre.<\/h5>\n<\/div>\n<\/div>\n","protected":false},"excerpt":{"rendered":"<p>Sophie Magdelaine Architecte DPLG Construire c&rsquo;est raconter une histoire.La mienne a commenc\u00e9 bien avant les plans et les chantiers&#8230; Enfant [&hellip;]<\/p>\n","protected":false},"author":1,"featured_media":0,"parent":0,"menu_order":0,"comment_status":"closed","ping_status":"closed","template":"","meta":{"site-sidebar-layout":"default","site-content-layout":"","ast-site-content-layout":"default","site-content-style":"default","site-sidebar-style":"default","ast-global-header-display":"","ast-banner-title-visibility":"","ast-main-header-display":"","ast-hfb-above-header-display":"","ast-hfb-below-header-display":"","ast-hfb-mobile-header-display":"","site-post-title":"disabled","ast-breadcrumbs-content":"","ast-featured-img":"","footer-sml-layout":"","ast-disable-related-posts":"","theme-transparent-header-meta":"","adv-header-id-meta":"","stick-header-meta":"","header-above-stick-meta":"","header-main-stick-meta":"","header-below-stick-meta":"","astra-migrate-meta-layouts":"default","ast-page-background-enabled":"default","ast-page-background-meta":{"desktop":{"background-color":"var(--ast-global-color-5)","background-image":"","background-repeat":"repeat","background-position":"center center","background-size":"auto","background-attachment":"scroll","background-type":"","background-media":"","overlay-type":"","overlay-color":"","overlay-opacity":"","overlay-gradient":""},"tablet":{"background-color":"","background-image":"","background-repeat":"repeat","background-position":"center center","background-size":"auto","background-attachment":"scroll","background-type":"","background-media":"","overlay-type":"","overlay-color":"","overlay-opacity":"","overlay-gradient":""},"mobile":{"background-color":"","background-image":"","background-repeat":"repeat","background-position":"center center","background-size":"auto","background-attachment":"scroll","background-type":"","background-media":"","overlay-type":"","overlay-color":"","overlay-opacity":"","overlay-gradient":""}},"ast-content-background-meta":{"desktop":{"background-color":"var(--ast-global-color-4)","background-image":"","background-repeat":"repeat","background-position":"center center","background-size":"auto","background-attachment":"scroll","background-type":"","background-media":"","overlay-type":"","overlay-color":"","overlay-opacity":"","overlay-gradient":""},"tablet":{"background-color":"var(--ast-global-color-4)","background-image":"","background-repeat":"repeat","background-position":"center center","background-size":"auto","background-attachment":"scroll","background-type":"","background-media":"","overlay-type":"","overlay-color":"","overlay-opacity":"","overlay-gradient":""},"mobile":{"background-color":"var(--ast-global-color-4)","background-image":"","background-repeat":"repeat","background-position":"center center","background-size":"auto","background-attachment":"scroll","background-type":"","background-media":"","overlay-type":"","overlay-color":"","overlay-opacity":"","overlay-gradient":""}},"footnotes":""},"class_list":["post-126","page","type-page","status-publish","hentry"],"_links":{"self":[{"href":"https:\/\/archidemain.fr\/index.php\/wp-json\/wp\/v2\/pages\/126","targetHints":{"allow":["GET"]}}],"collection":[{"href":"https:\/\/archidemain.fr\/index.php\/wp-json\/wp\/v2\/pages"}],"about":[{"href":"https:\/\/archidemain.fr\/index.php\/wp-json\/wp\/v2\/types\/page"}],"author":[{"embeddable":true,"href":"https:\/\/archidemain.fr\/index.php\/wp-json\/wp\/v2\/users\/1"}],"replies":[{"embeddable":true,"href":"https:\/\/archidemain.fr\/index.php\/wp-json\/wp\/v2\/comments?post=126"}],"version-history":[{"count":43,"href":"https:\/\/archidemain.fr\/index.php\/wp-json\/wp\/v2\/pages\/126\/revisions"}],"predecessor-version":[{"id":344,"href":"https:\/\/archidemain.fr\/index.php\/wp-json\/wp\/v2\/pages\/126\/revisions\/344"}],"wp:attachment":[{"href":"https:\/\/archidemain.fr\/index.php\/wp-json\/wp\/v2\/media?parent=126"}],"curies":[{"name":"wp","href":"https:\/\/api.w.org\/{rel}","templated":true}]}}